Determine z(s).
-54
Suppose 0 = 3*j - w + 197, 3*j + 162 + 20 = -2*w. Let b be -3 - -1 - j/(-2). Let p = -30 - b. Let c(g) = g**2 + g - 2. What is c(p)?
18
Let q(v) be the second derivative of -v**8/6720 - v**7/315 - v**6/720 + v**5/20 + 17*v**4/6 + 3*v + 28. Let t(x) be the third derivative of q(x). Give t(-8).
14
Let g(j) = -9*j**3 + 3 + 10*j**3 - 18093*j**2 + 0*j + j + 18093*j**2. Let y(d) = -d - 2. Let r be (1/(-2))/(5/20). Let k be y(r). What is g(k)?
3
Let w(o) = -o**3 - 10*o**2 + 9*o - 14. Let d be w(-11). Let x(k) = 7*k + 6*k**2 - d + 7*k**2 + 5*k**2 - 17*k**2. Give x(-7).
-8
Let t(a) be the third derivative of -a**5/60 + 13*a**4/24 + a**3/3 + 157453*a**2. Let u(s) = 4*s - 3. Let k be u(4). Give t(k).
2
Suppose 2*l + 238 = -k + 217, 33 = -3*k - l. Let f(t) = 3*t**3 + 25*t**2 - 19*t - 8. Give f(k).
1
Let a be 28/(-20) - 2002/(-130). Let g(o) = -o**2 + 17*o - 36. Calculate g(a).
6
Suppose 11 = 3*f - 19. Suppose f*i = 21*i - 77. Let b(w) = w**3 - 9*w**2 + 10*w - 3. What is b(i)?
-31
Let b(c) = 3*c - 3. Let u be -2 - ((-14)/56 - 58/(-8)). Calculate b(u).
-30
Suppose -9*s + 14*s - 251 = t, -t + 3*s = 253. Let x = t + 254. Let m(p) = 1. Let v(k) = -2*k + 8. Let y(h) = 18*m(h) - 2*v(h). Calculate y(x).
-6
Suppose 9*a = 4*a + 10. Suppose h - 13 = -h - z, -a*h + 9 = -3*z. Let n(b) = -148*b - 16. Let c(g) = 207*g + 23. Let u(m) = -5*c(m) - 7*n(m). Give u(h).
3
Suppose -177*n = -h - 174*n + 14, -14 = 5*h - 3*n. Let o(r) = 12*r + 2*r**2 + r**2 - 2*r**2 + 17 - 26. Calculate o(h).
-44
Let h(y) = -2*y - 14. Suppose -168 + 111 = -110*g + 273. What is h(g)?
-20
Let b(u) be the first derivative of u**4/4 + 17*u**3/3 - 19*u**2/2 - 23*u + 4970. Determine b(-18).
-5
Let b(a) be the third derivative of -a**4/12 + 4*a**3/3 - 2*a**2. Suppose 0 = -28*u + 23*u + 5*n - 10, 0 = n - 5. What is b(u)?
2
Let y(j) = j + 2. Let m be y(0). Let q(h) = -m*h + 9 + 3*h - 2*h. Suppose 3*p - 20 = 2*t, -8*p = 4*t - 3*p + 18. What is q(t)?
16
Let x(b) be the third derivative of b**5/60 - b**4/24 - b**3/3 - 2*b**2 + 900. Suppose -2*z = 3*m - 2, 2*m - 1 = -3*z + 7. Let r = z - 7. Determine x(r).
10
Let x(h) be the third derivative of h**4/8 + 5*h**3/6 - 2444*h**2. Suppose m + 5 = -2. Calculate x(m).
-16
Let r(i) = -3*i**2 + 2*i + 1. Let w = -51 - -53. Suppose -w*c = -0*c - 3*l - 14, 2*c - l = 6. Suppose 4*k - 4 = 0, k - c = 5*u + 5*k. What is r(u)?
-4
Let i(n) = n**3 - 15*n**2 + 14*n. Let v be i(14). Let g be (2 - v)*(-237)/(-6). Let z(x) = g + 2*x + 2*x**2 - 36 - 40. What is z(-2)?
7
Let a be (39/(-78))/((-4)/(-24)). Let i(g) = -g**3 - 9*g**2 - 28*g - 23. What is i(a)?
7
Let o(f) = f**3 + 6*f**2 + 2. Suppose 5*w + 4*n = 35, 0 = 2*n - 10 - 0. Let b = -2 - -1. Let z be (-2 + w - -1)*(-2 + b). Determine o(z).
2
Suppose -4*d = -5*m, -4*d - 406*m = -407*m + 16. Let c(s) = -6*s - 36. Determine c(d).
-6
Let r(f) be the third derivative of -2 - 18*f**2 + 1/120*f**6 + 0*f + 1/12*f**5 + 1/6*f**3 + 5/24*f**4. Determine r(-4).
-3
Let v = -3695 + 3666. Let z(c) = c**3 + 28*c**2 - 29*c - 13. Calculate z(v).
-13
Let p(c) be the second derivative of -c**4/12 - c**3/3 - c**2/2 + 7*c + 9. Suppose 5*g + 0*g = 15. Let t be (g/6)/(3/(-18)). Give p(t).
-4
Let k(s) = s**3 + s + 2. Let o(j) = 3*j**3 + 2*j**2 + 4*j + 7. Let n(h) = -2*k(h) + o(h). Let y(c) be the first derivative of n(c). Determine y(-2).
6
Suppose -j - 2*p = -7, -5*p - 489 = j - 502. Let u(l) be the second derivative of -3*l**2 + l**j + 0 - 1/12*l**4 + 13*l. Give u(6).
-6
Suppose 13*g - 122 + 96 = 0. Let o = 6 + 3. Let f(n) = -3*n - 4. Let m(x) = 13*x + 17. Let i(v) = g*m(v) + o*f(v). Give i(2).
-4
Let x(m) be the second derivative of -m**4/12 - m**2/2 + m. Let b(i) = 14*i**2 - 37*i + 25. Let p be b(-6). Suppose -p*o = -752*o. Determine x(o).
-1
Suppose -4*a = -18*k + 23*k + 36, 4*k = -a - 20. Let x(c) = -2*c**2 - 2*c + 10 - 12 + 4. Determine x(k).
-22
Let t(c) = -4*c - 14. Let r = 256 + -254. Suppose 0 = 2*p - 8 + 2. Let n(h) = 3*h + 13. Let g(b) = p*n(b) + r*t(b). Determine g(-8).
3
Suppose -y - 1 = -3. Let j(w) = 5 - 38*w - 4 + 85*w - y - 44*w. Give j(-4).
-13
Let w be -2 + 3 + -3 + 5. Let u(b) = -2 + b**2 + 8 - w*b + b**3 - 3. Let o = 31 + -34. Calculate u(o).
-6
Let k(r) = -6*r + 1. Let d(x) be the second derivative of 0*x**2 + 0 + 13/6*x**3 - 49*x. Let l(s) = -2*d(s) - 5*k(s). Calculate l(5).
15
Let u(p) be the first derivative of -p**2 + 1/3*p**3 - p + 43. Suppose -3*a - a + 16 = 0. Determine u(a).
7
Let g(x) = 2*x + 5. Suppose 9*k - 1 - 62 = 0. Let p(s) = 4*s + 12. Let z(n) = k*g(n) - 3*p(n). Determine z(7).
13
Suppose 11*f - 42 = 13. Suppose 0 = f*d + 7*d - 240. Let b(x) = -43*x + 24*x + d*x. Give b(4).
4
Let a(m) = -2*m**2 - 10*m + 1. Let n(q) = -q**2 - 6*q. Let r(i) = 3*a(i) - 5*n(i). Suppose x - 4 = -23. Let g = 22 + x. Determine r(g).
-6
Let a(s) = s**2 - 6*s + 2. Suppose 4*m = -2*v + 2 + 22, 0 = 5*v + 5*m - 40. Let c be a(v). Let l(w) = -81*w + 1 + 41*w - w**2 + 34*w. What is l(c)?
1
Let d(a) = -a**3 - 17*a**2 - 6*a - 94. Let m be d(-17). Let z(v) = 0 - 18 + m - 9 - 2*v. Give z(-10).
1
Let r(g) = -4*g**2 - 11 - 3*g + 12*g**2 + 6*g - 9*g**2 + 15. Let c(u) = u - 2. Let t be c(7). Give r(t).
-6
Let g(j) = -j**2 + 7*j. Let l be 36/(-8)*((-3)/27)/((-10)/60). Determine g(l).
-30
Suppose 14*k - 340 = -3*k. Let p(h) = -464 - 466 + 933 - k*h. Determine p(1).
-17
Let m(w) be the second derivative of -w**3/6 - w**2/2 - 2*w - 10. Let t(p) = -2*p - 3. Let x(d) = -6*m(d) + 2*t(d). Give x(-2).
-4
Let o(v) = 19*v**2 - 7*v + 2. Let r(t) = 3*t - 1 - 15*t**2 - 8*t**2 + 14*t**2. Let m(c) = -6*o(c) - 13*r(c). What is m(-3)?
19
Let j(f) = -11*f - 16. Let a(l) = -44*l - 57. Let m(s) = 3*a(s) - 11*j(s). Calculate m(2).
-17
Let i(q) = 7*q**3 - q**2 + q - 6. Suppose -3*v = -4 - 5. Let l(c) = -c**3 - 4 + 5 - 2*c**v + 2 + c**2. Let b(a) = 2*i(a) + 5*l(a). Give b(4).
-5
Let n(y) = -5*y**2 + 19*y + 1. Let a(d) = -2*d**2 + 8*d + 1. Let k(c) = 7*a(c) - 3*n(c). Give k(0).
4
Let p(z) = -127*z**2 - 10*z - 2. Let d(b) = 466*b**2 + 39*b + 5. Let y(x) = 3*d(x) + 11*p(x). Suppose -3*v = o + 19, 5*o - 4*v = -0*v - 19. Calculate y(o).
-7
Let g(y) = 6*y**2 - 11*y + 1. Let n(p) = 7*p**2 - 12*p + 1. Let i(o) = 6*g(o) - 5*n(o). Let a = 32 - 22. Suppose 3*d + 5*l - 24 = 16, 3*d = l + a. What is i(d)?
-4
Let f(o) = 1 - 5*o**3 + 7*o + 0*o + 0*o**2 + o**2 - 6*o. Let l = 0 + 4. Suppose 0 = 3*q + q + l. Give f(q).
6
Let q(s) be the third derivative of s**5/12 - s**3/6 - 5*s**2. Let t be (-1)/4 + (2 - (-177)/(-12)). Let h be 4 + t/(65/30). Determine q(h).
19
Let i(x) be the third derivative of x**8/20160 + x**7/720 - x**6/120 - 19*x**5/30 - 4*x**2 - 1. Let l(b) be the third derivative of i(b). Give l(-7).
-6
Let v(x) = -4*x + 412. Let a be v(102). Let c(q) = 3*q**2 + 2. Determine c(a).
50
Let u(n) = -9*n**3 + 12*n**3 + 115*n + 11 - 153*n + 10*n**2 + 23*n**2 - 7*n**3. Calculate u(7).
-10
Let y(a) = -55*a**2 + 15*a + 15. Let x(d) = -16*d**2 + 5*d + 5. Let v(t) = 7*x(t) - 2*y(t). Give v(5).
-20
Suppose 43*h - 32*h - 77 = 0. Let v(i) = 1783*i**2 - h - 1782*i**2 - 4*i + 2. Give v(4).
-5
Let i(m) be the second derivative of -1/3*m**3 + 2*m + 7/2*m**2 + 0. Give i(-6).
19
Suppose -120 = -6*w - 2*w. Suppose w*i = 10*i + 55. Let x(m) = -1 + 10*m**2 - 12*m**3 - 13*m**3 - 7 + 24*m**3 + 12*m. What is x(i)?
3
Let u be (11/77 + 96/14)/1. Let l be 0 - -7 - (u + -3). Let a(b) be the third derivative of -b**6/120 + b**5/20 + b**4/24 + b**3/2 + b**2. Give a(l).
6
Suppose 10*f = 25*f + 90. Let s(a) = 2*a**2 + 14*a + 13. Calculate s(f).
1
Let f = -6 + 10. Let l(u) = -u**3 - 8*u**2 - 3*u - 2. Let j(p) = -6*p**3 - 42*p**2 - 17*p - 11. Let q(r) = -2*j(r) + 11*l(r). Calculate q(f).
4
Let a = 3 + -3. Suppose a = -2*k + k + 1. Let b(z) = 14*z**3 + 4*z**2 - z + 1. Let p(r) = 15*r**3 + 6*r**2 - r + 1. Let d(g) = 3*b(g) - 2*p(g). Determine d(k).
12
Suppose -9*t = -8 - 10. Let d(u) = u**t + 1 + 61*u + 0*u**2 - 58*u. What is d(-2)?
-1
Let q be (2/(-3))/(4/(-6)). Let j(i) = i - i - 1425*i**2 - 1556*i**2 - 12*i**3 + 2982*i**2. What is j(q)?
-11
Let y(r) be the first derivative of -7*r**3/6 + 5*r**2/2 + 153*r + 46. Let v(k) be the first derivative of y(k). Calculate v(2).
-9
Suppose 13 - 41 - 36 = -8*t. Let c(n) = 9 - 3*n**2 + 4 + 4*n**2 + n - 10*n. Give c(t).
5
Let n(p) be the second derivative of p**3